the ten thousands digit of 3006831?
0
What is the thousands digit of 234784?
4
What is the ten thousands digit of 958299?
5
What is the thousands digit of 276079?
6
What is the tens digit of 8127092?
9
What is the millions digit of 1202423?
1
What is the thousands digit of 1480270?
0
What is the ten thousands digit of 14650218?
5
What is the hundred thousands digit of 8348443?
3
What is the tens digit of 15908?
0
What is the ten thousands digit of 404533?
0
What is the ten thousands digit of 32636001?
3
What is the hundreds digit of 11827251?
2
What is the hundreds digit of 15356?
3
What is the millions digit of 3190231?
3
What is the hundred thousands digit of 2734250?
7
What is the hundreds digit of 10680585?
5
What is the hundred thousands digit of 1360811?
3
What is the thousands digit of 8588932?
8
What is the units digit of 17906633?
3
What is the millions digit of 10943358?
0
What is the ten thousands digit of 8693054?
9
What is the millions digit of 8340049?
8
What is the tens digit of 10680326?
2
What is the tens digit of 15185145?
4
What is the ten thousands digit of 20051020?
5
What is the ten millions digit of 25506537?
2
What is the thousands digit of 101288?
1
What is the units digit of 1331423?
3
What is the tens digit of 85795?
9
What is the units digit of 36319?
9
What is the units digit of 245122?
2
What is the ten thousands digit of 130295?
3
What is the thousands digit of 6532234?
2
What is the hundred thousands digit of 10253232?
2
What is the ten thousands digit of 2352878?
5
What is the thousands digit of 114340?
4
What is the hundred thousands digit of 115459?
1
What is the hundred thousands digit of 1267073?
2
What is the ten thousands digit of 751434?
5
What is the thousands digit of 221512?
1
What is the units digit of 167350?
0
What is the ten thousands digit of 14661418?
6
What is the thousands digit of 1667838?
7
What is the units digit of 7851?
1
What is the ten thousands digit of 37155?
3
What is the hundred thousands digit of 2163321?
1
What is the hundreds digit of 2662293?
2
What is the thousands digit of 264129?
4
What is the hundreds digit of 3404312?
3
What is the tens digit of 62205?
0
What is the thousands digit of 19572?
9
What is the hundreds digit of 13081303?
3
What is the units digit of 2171582?
2
What is the units digit of 6878882?
2
What is the hundreds digit of 8617?
6
What is the millions digit of 15012811?
5
What is the hundreds digit of 378972?
9
What is the thousands digit of 521659?
1
What is the ten thousands digit of 2904221?
0
What is the hundred thousands digit of 564273?
5
What is the units digit of 67207?
7
What is the units digit of 30754?
4
What is the hundreds digit of 2653374?
3
What is the thousands digit of 337609?
7
What is the ten thousands digit of 1090212?
9
What is the tens digit of 467445?
4
What is the hundreds digit of 1074148?
1
What is the thousands digit of 267385?
7
What is the thousands digit of 480782?
0
What is the hundred thousands digit of 1813265?
8
What is the thousands digit of 191256?
1
What is the thousands digit of 398323?
8
What is the ten thousands digit of 315943?
1
What is the thousands digit of 13945760?
5
What is the hundreds digit of 6281934?
9
What is the tens digit of 1967241?
4
What is the thousands digit of 449471?
9
What is the units digit of 2988025?
5
What is the ten thousands digit of 867510?
6
What is the hundred thousands digit of 1348797?
3
What is the units digit of 15493340?
0
What is the thousands digit of 1142296?
2
What is the ten thousands digit of 4792307?
9
What is the units digit of 397330?
0
What is the tens digit of 6218644?
4
What is the ten thousands digit of 262270?
6
What is the ten thousands digit of 549839?
4
What is the hundred thousands digit of 539401?
5
What is the tens digit of 8947732?
3
What is the thousands digit of 1011991?
1
What is the tens digit of 2508799?
9
What is the millions digit of 6210517?
6
What is the hundreds digit of 218660?
6
What is the millions digit of 1875705?
1
What is the tens digit of 474488?
8
What is the tens digit of 389623?
2
What is the tens digit of 6082554?
5
What is the tens digit of 3301975?
7
What is the ten thousands digit of 2622389?
2
What is the units digit of 3566770?
0
What is the tens digit of 1010668?
6
What is the units digit of 35918?
8
What is the ten thousands digit of 6479401?
7
What is the hundred thousands digit of 845324?
8
What is the hundreds digit of 7405091?
0
What is the tens digit of 1310594?
9
What is the ten thousands digit of 622942?
2
What is the units digit of 1003819?
9
What is the units digit of 1122682?
2
What is the ten thousands digit of 864792?
6
What is the units digit of 894858?
8
What is the units digit of 98488?
8
What is the hundred thousands digit of 29583777?
5
What is the units digit of 372297?
7
What is the hundreds digit of 432813?
8
What is the hundred thousands digit of 403112?
4
What is the ten thousands digit of 8820511?
2
What is the hundreds digit of 21344?
3
What is the hundred thousands digit of 389550?
3
What is the ten thousands digit of 443903?
4
What is the ten thousands digit of 666094?
6
What is the hundreds digit of 604842?
8
What is the units digit of 24599?
9
What is the ten thousands digit of 86570?
8
What is the tens digit of 1936109?
0
What is the millions digit of 4437130?
4
What is the hundred thousands digit of 164068?
1
What is the ten thousands digit of 867049?
6
What is the ten thousands digit of 3824739?
2
What is the units digit of 29422225?
5
What is the ten thousands digit of 20426691?
2
What is the hundred thousands digit of 19983505?
9
What is the hundreds digit of 3324452?
4
What is the ten thousands digit of 41941?
4
What is the tens digit of 275574?
7
What is the ten thousands digit of 282869?
8
What is the hundreds digit of 2649681?
6
What is the tens digit of 1394711?
1
What is the units digit of 602370?
0
What is the hundred thousands digit of 162087?
1
What is the thousands digit of 2710408?
0
What is the tens digit of 604481?
8
What is the units digit of 35516976?
6
What is the units digit of 178648?
8
What is the units digit of 2040585?
5
What is the hundreds digit of 5257851?
8
What is the millions digit of 4175261?
4
What is the hundred thousands digit of 2811499?
8
What is the hundreds digit of 256484?
4
What is the units digit of 3759511?
1
What is the hundred thousands digit of 768655?
7
What is the tens digit of 32695020?
2
What is the tens digit of 2180750?
5
What is the ten thousands digit of 3817344?
1
What is the thousands digit of 194384?
4
What is the millions digit of 4297119?
4
What is the millions digit of 6067666?
6
What is the thousands digit of 169699?
9
What is the millions digit of 3734642?
3
What is the ten thousands digit of 245653?
4
What is the units digit of 895232?
2
What is the thousands digit of 3234390?
4
What is the thousands digit of 4519568?
9
What is the millions digit of 1180510?
1
What is the hundreds digit of 20698?
6
What is the tens digit of 1431072?
7
What is the ten thousands digit of 147495?
4
What is the thousands digit of 5875277?
5
What is the units digit of 7217988?
8
What is the tens digit of 6497282?
8
What is the ten thousands digit of 1562370?
6
What is the hundreds digit of 5863936?
9
What is the units digit of 143884?
4
What is the millions digit of 3613640?
3
What is the units digit of 271615?
5
What is the units digit of 381440?
0
What is the units digit of 7309060?
0
What is the hundreds digit of 801649?
6
What is the hundreds digit of 299472?
4
What is the millions digit of 7796635?
7
What is the hundreds digit of 1743330?
3
What is the tens digit of 278255?
5
What is the thousands digit of 20846304?
6
What is the tens digit of 38444410?
1
What is the hundreds digit of 3635129?
1
What is the ten thousands digit of 12072908?
7
What is the hundred thousands digit of 2648203?
6
What is the ten thousands digit of 1692707?
9
What is the ten thousands digit of 313173?
1
What is the tens digit of 3242188?
8
What is the thousands digit of 923438?
3
What is the ten thousands digit of 255541?
5
What is the thousands digit of 180723?
0
What is the tens digit of 19981288?
8
What is the units digit of 20631?
1
What is the units digit of 187437?
7
What i